{"id":83,"date":"2017-05-30T06:25:55","date_gmt":"2017-05-30T06:25:55","guid":{"rendered":"http:\/\/localhost\/kidschool\/?page_id=83"},"modified":"2026-04-22T10:03:52","modified_gmt":"2026-04-22T08:03:52","slug":"contact","status":"publish","type":"page","link":"https:\/\/www.waldorfkindergarten-wels.at\/?page_id=83","title":{"rendered":"Kontakt &amp; Anmeldung"},"content":{"rendered":"\n<p class=\"has-text-align-center has-background\" style=\"background-color:#ffffff80\">Gerne merken wir Ihre Kinder ganzj\u00e4hrig vor. F\u00fcr Fragen und weitere Infos k\u00f6nnen Sie uns per E-Mail jederzeit kontaktieren. F\u00fcr telefonische Anfragen beachten Sie bitte die B\u00fcrozeiten.&nbsp;<\/p>\n\n\n\n<div class=\"wp-block-media-text is-stacked-on-mobile\"><figure class=\"wp-block-media-text__media\"><img loading=\"lazy\" decoding=\"async\" width=\"1024\" height=\"683\" src=\"https:\/\/www.waldorfkindergarten-wels.at\/web2017\/wp-content\/uploads\/2018\/07\/IMG_3753-1024x683.jpg\" alt=\"\" class=\"wp-image-790 size-full\"\/><\/figure><div class=\"wp-block-media-text__content\">\n<p class=\"has-text-align-center\"><strong>Waldorfkindergarten Wels<br>Maximilianstra\u00dfe 25<br>4600 Wels<\/strong><\/p>\n\n\n\n<p class=\"has-text-align-center\"><br><a href=\"https:\/\/www.waldorfkindergarten-wels.at\/\">www.waldorfkindergarten-wels.at<br><\/a>B\u00fcro: <a href=\"mailto:buero@waldorfkindergarten-wels.at\">buero@waldorfkindergarten-wels.at<\/a><br>Vorstand: <a href=\"mailto:vorstand@waldorfkindergarten-wels.at\">vorstand@waldorfkindergarten-wels.at<\/a><\/p>\n<\/div><\/div>\n\n\n\n<h3 class=\"wp-block-heading\">B\u00fcrozeiten<\/h3>\n\n\n\n<p class=\"has-background\" style=\"border-style:none;border-width:0px;background-color:#ffffff80\">p\u00e4dagogische Leitung (Christina Hiebl):<\/p>\n\n\n\n<p style=\"border-style:none;border-width:0px\">Montag: 13.00 bis 14.30 Uhr<br>Dienstag: 7.30 bis 8.00 Uhr <br>Donnerstag: 13.30 bis 15.00 Uhr<br><br>Telefon: 0664\/5073750<\/p>\n\n\n\n<p>In dringenden F\u00e4llen senden Sie uns bitte eine E-Mail<\/p>\n\n\n\n<div style=\"height:100px\" aria-hidden=\"true\" class=\"wp-block-spacer\"><\/div>\n\n\n<div class=\"wp-block-image\">\n<figure class=\"aligncenter\"><a href=\"https:\/\/maps.app.goo.gl\/rsky7CD1zY6PNYre6\" target=\"_blank\" rel=\" noreferrer noopener\"><img loading=\"lazy\" decoding=\"async\" width=\"1024\" height=\"704\" src=\"https:\/\/www.waldorfkindergarten-wels.at\/web2017\/wp-content\/uploads\/2025\/09\/map-1-1024x704.png\" alt=\"\" class=\"wp-image-1352\" srcset=\"https:\/\/www.waldorfkindergarten-wels.at\/web2017\/wp-content\/uploads\/2025\/09\/map-1-1024x704.png 1024w, https:\/\/www.waldorfkindergarten-wels.at\/web2017\/wp-content\/uploads\/2025\/09\/map-1-300x206.png 300w, https:\/\/www.waldorfkindergarten-wels.at\/web2017\/wp-content\/uploads\/2025\/09\/map-1-768x528.png 768w, https:\/\/www.waldorfkindergarten-wels.at\/web2017\/wp-content\/uploads\/2025\/09\/map-1-1536x1057.png 1536w, https:\/\/www.waldorfkindergarten-wels.at\/web2017\/wp-content\/uploads\/2025\/09\/map-1-2048x1409.png 2048w\" sizes=\"auto, (max-width: 1024px) 100vw, 1024px\" \/><\/a><\/figure>\n<\/div>\n\n\n<p><\/p>\n","protected":false},"excerpt":{"rendered":"<p>Gerne merken wir Ihre Kinder ganzj\u00e4hrig vor. F\u00fcr Fragen und weitere Infos k\u00f6nnen Sie uns per E-Mail jederzeit kontaktieren. F\u00fcr telefonische Anfragen beachten Sie bitte die B\u00fcrozeiten.&nbsp; Waldorfkindergarten WelsMaximilianstra\u00dfe 254600 Wels www.waldorfkindergarten-wels.atB\u00fcro: buero@waldorfkindergarten-wels.atVorstand: vorstand@waldorfkindergarten-wels.at B\u00fcrozeiten p\u00e4dagogische Leitung (Christina Hiebl): Montag: 13.00 bis 14.30 UhrDienstag: 7.30 bis 8.00 Uhr Donnerstag: 13.30 bis 15.00 Uhr Telefon: 0664\/5073750&hellip;&nbsp;<a href=\"https:\/\/www.waldorfkindergarten-wels.at\/?page_id=83\" rel=\"bookmark\"><span class=\"screen-reader-text\">Kontakt &amp; Anmeldung<\/span><\/a><\/p>\n","protected":false},"author":1,"featured_media":0,"parent":0,"menu_order":0,"comment_status":"closed","ping_status":"closed","template":"","meta":{"neve_meta_sidebar":"","neve_meta_container":"","neve_meta_enable_content_width":"","neve_meta_content_width":0,"neve_meta_title_alignment":"","neve_meta_author_avatar":"","neve_post_elements_order":"","neve_meta_disable_header":"","neve_meta_disable_footer":"","neve_meta_disable_title":"","footnotes":""},"class_list":["post-83","page","type-page","status-publish","hentry"],"_links":{"self":[{"href":"https:\/\/www.waldorfkindergarten-wels.at\/index.php?rest_route=\/wp\/v2\/pages\/83","targetHints":{"allow":["GET"]}}],"collection":[{"href":"https:\/\/www.waldorfkindergarten-wels.at\/index.php?rest_route=\/wp\/v2\/pages"}],"about":[{"href":"https:\/\/www.waldorfkindergarten-wels.at\/index.php?rest_route=\/wp\/v2\/types\/page"}],"author":[{"embeddable":true,"href":"https:\/\/www.waldorfkindergarten-wels.at\/index.php?rest_route=\/wp\/v2\/users\/1"}],"replies":[{"embeddable":true,"href":"https:\/\/www.waldorfkindergarten-wels.at\/index.php?rest_route=%2Fwp%2Fv2%2Fcomments&post=83"}],"version-history":[{"count":52,"href":"https:\/\/www.waldorfkindergarten-wels.at\/index.php?rest_route=\/wp\/v2\/pages\/83\/revisions"}],"predecessor-version":[{"id":1531,"href":"https:\/\/www.waldorfkindergarten-wels.at\/index.php?rest_route=\/wp\/v2\/pages\/83\/revisions\/1531"}],"wp:attachment":[{"href":"https:\/\/www.waldorfkindergarten-wels.at\/index.php?rest_route=%2Fwp%2Fv2%2Fmedia&parent=83"}],"curies":[{"name":"wp","href":"https:\/\/api.w.org\/{rel}","templated":true}]}}