{"id":718,"date":"2018-07-05T10:35:23","date_gmt":"2018-07-05T08:35:23","guid":{"rendered":"http:\/\/www.waldorfkindergarten-wels.at\/web2017\/?page_id=718"},"modified":"2025-09-28T22:02:44","modified_gmt":"2025-09-28T20:02:44","slug":"wir","status":"publish","type":"page","link":"https:\/\/www.waldorfkindergarten-wels.at\/?page_id=718","title":{"rendered":"Waldorfkindergarten Wels"},"content":{"rendered":"\n<p class=\"has-text-align-center\"><strong>Das Kind in Ehrfurcht aufnehmen,<br>In Liebe erziehen,<br>In Freiheit entlassen.<\/strong><br>(Rudolf Steiner)<br><\/p>\n\n\n\n<div class=\"wp-block-media-text is-stacked-on-mobile\"><figure class=\"wp-block-media-text__media\"><img loading=\"lazy\" decoding=\"async\" width=\"782\" height=\"654\" src=\"https:\/\/www.waldorfkindergarten-wels.at\/web2017\/wp-content\/uploads\/2024\/01\/i1.jpg\" alt=\"\" class=\"wp-image-1185 size-full\" srcset=\"https:\/\/www.waldorfkindergarten-wels.at\/web2017\/wp-content\/uploads\/2024\/01\/i1.jpg 782w, https:\/\/www.waldorfkindergarten-wels.at\/web2017\/wp-content\/uploads\/2024\/01\/i1-300x251.jpg 300w, https:\/\/www.waldorfkindergarten-wels.at\/web2017\/wp-content\/uploads\/2024\/01\/i1-768x642.jpg 768w\" sizes=\"auto, (max-width: 782px) 100vw, 782px\" \/><\/figure><div class=\"wp-block-media-text__content\">\n<p>Wir begleiten Kindergartenkinder und deren Eltern auf der Basis des anthroposophischen Menschenbildes.<\/p>\n\n\n\n<p>Das Kind wird in seiner Ganzheit aus Leib, Seele und Geist wahrgenommen und geachtet. Es wird auf seinem Inkarnationsprozess begleitet und gef\u00fchrt. Erziehung vollzieht sich in zwischenmenschlichen Beziehungen.<\/p>\n\n\n\n<p>Wir P\u00e4dagoginnen sehen uns stets in Entwicklung, um als Vorbild wirken zu k\u00f6nnen. Wir gestalten den p\u00e4dagogischen Alltag auf Basis der Waldorfp\u00e4dagogik und bieten dem Kind eine Umgebung, in der es sinnvolle T\u00e4tigkeiten erleben und reale Erfahrungen machen kann. Wichtige Elemente dabei sind Rhythmus, Nachahmung, k\u00fcnstlerisches Tun und Naturerleben. Die Entwicklung der Individualit\u00e4t vollzieht sich in unserem Waldorfkindergarten im sozialen Miteinander. Achtung und Respekt f\u00fcreinander stehen stets im Vordergrund.<\/p>\n\n\n\n<p>Gegr\u00fcndet wurde der Kindergarten im Jahr 1996 von Eva Rebhahn und Michaela Stauder.<\/p>\n<\/div><\/div>\n\n\n\n<h2 class=\"wp-block-heading\">Vorstand<\/h2>\n\n\n\n<p>Der Vereinsvorstand setzt sich aus der Elternschaft zusammen, arbeitet ehrenamtlich und wird j\u00e4hrlich neu gew\u00e4hlt.\u00a0Der Vereinsvorstand gew\u00e4hrleistet den Kindergartenbetrieb und sichert die p\u00e4dagogische Qualit\u00e4t.\u00a0Dieser Vertritt den Kindergarten gegen\u00fcber Beh\u00f6rden und \u00c4mter und\u00a0k\u00fcmmert sich um alle rechtlichen und wirtschaftlichen Belange. Au\u00dferdem tr\u00e4gt er die Verantwortung f\u00fcr das Personal.\u00a0Daher arbeitet der Vereinsvorstand auch immer sehr eng mit den P\u00e4dagoginnen zusammen.<\/p>\n","protected":false},"excerpt":{"rendered":"<p>Das Kind in Ehrfurcht aufnehmen,In Liebe erziehen,In Freiheit entlassen.(Rudolf Steiner) Wir begleiten Kindergartenkinder und deren Eltern auf der Basis des anthroposophischen Menschenbildes. Das Kind wird in seiner Ganzheit aus Leib, Seele und Geist wahrgenommen und geachtet. Es wird auf seinem Inkarnationsprozess begleitet und gef\u00fchrt. Erziehung vollzieht sich in zwischenmenschlichen Beziehungen. Wir P\u00e4dagoginnen sehen uns stets&hellip;&nbsp;<a href=\"https:\/\/www.waldorfkindergarten-wels.at\/?page_id=718\" rel=\"bookmark\"><span class=\"screen-reader-text\">Waldorfkindergarten Wels<\/span><\/a><\/p>\n","protected":false},"author":1,"featured_media":719,"parent":0,"menu_order":0,"comment_status":"closed","ping_status":"closed","template":"","meta":{"neve_meta_sidebar":"","neve_meta_container":"","neve_meta_enable_content_width":"","neve_meta_content_width":0,"neve_meta_title_alignment":"","neve_meta_author_avatar":"","neve_post_elements_order":"","neve_meta_disable_header":"","neve_meta_disable_footer":"","neve_meta_disable_title":"","footnotes":""},"class_list":["post-718","page","type-page","status-publish","has-post-thumbnail","hentry"],"_links":{"self":[{"href":"https:\/\/www.waldorfkindergarten-wels.at\/index.php?rest_route=\/wp\/v2\/pages\/718","targetHints":{"allow":["GET"]}}],"collection":[{"href":"https:\/\/www.waldorfkindergarten-wels.at\/index.php?rest_route=\/wp\/v2\/pages"}],"about":[{"href":"https:\/\/www.waldorfkindergarten-wels.at\/index.php?rest_route=\/wp\/v2\/types\/page"}],"author":[{"embeddable":true,"href":"https:\/\/www.waldorfkindergarten-wels.at\/index.php?rest_route=\/wp\/v2\/users\/1"}],"replies":[{"embeddable":true,"href":"https:\/\/www.waldorfkindergarten-wels.at\/index.php?rest_route=%2Fwp%2Fv2%2Fcomments&post=718"}],"version-history":[{"count":43,"href":"https:\/\/www.waldorfkindergarten-wels.at\/index.php?rest_route=\/wp\/v2\/pages\/718\/revisions"}],"predecessor-version":[{"id":1434,"href":"https:\/\/www.waldorfkindergarten-wels.at\/index.php?rest_route=\/wp\/v2\/pages\/718\/revisions\/1434"}],"wp:featuredmedia":[{"embeddable":true,"href":"https:\/\/www.waldorfkindergarten-wels.at\/index.php?rest_route=\/wp\/v2\/media\/719"}],"wp:attachment":[{"href":"https:\/\/www.waldorfkindergarten-wels.at\/index.php?rest_route=%2Fwp%2Fv2%2Fmedia&parent=718"}],"curies":[{"name":"wp","href":"https:\/\/api.w.org\/{rel}","templated":true}]}}